10. Determine p(m).
-4
Let w(h) = h**2 - 3*h + 3. Let s be w(3). Let x(c) be the first derivative of 1/2*c**2 - 7 - 5*c. Give x(s).
-2
Suppose -3*w = -4*v - 32, -5*v - 46 + 9 = -3*w. Let s(z) = z - z - w*z + 1 + 3*z. Give s(-5).
6
Suppose -7 = -6*f + 11. Let q(o) be the second derivative of -1/12*o**4 - o**2 + 5/6*o**f - 2*o + 0. Determine q(3).
4
Let z(n) = -n**3 - 4*n**2 + 5*n + 2. Let v be 2 - 2/2 - -1. Let j be 13/2 - (-6)/12. Let m = v - j. Give z(m).
2
Let o(k) = -4*k + 0*k**3 + k**3 + 1 + k**2 + 3*k - 2*k. Suppose -3*d + 6*d = 0. Suppose r + 9 = -2*s, -3*s + d*s = -4*r - 3. Determine o(r).
-8
Let g(x) = -4*x**3 - 5*x**2 - 4*x - 4. Let w(k) = -5*k**3 - 5*k**2 - 5*k - 5. Let n(h) = 4*g(h) - 3*w(h). Determine n(-5).
4
Let j(u) be the third derivative of 0 + 0*u + 1/12*u**5 + 1/3*u**3 + 6*u**2 + 5/24*u**4 + 1/120*u**6. Calculate j(-4).
-2
Suppose 4*l + 11 = -3*s + 3*l, 14 = -4*s - l. Let r(y) = -2*y**3 - 4*y**2 + y + 1. Calculate r(s).
16
Suppose -3*d = -0*d - 6. Let j(v) = -1 - v + 1 + 0*v + 2*v**d + v**3. What is j(1)?
2
Let s be (7/(-28))/(2/(-8)). Let i(p) = p + 3*p - s + p. Calculate i(-1).
-6
Let s(m) = -m**3 + 2*m**2 + 10*m + 1. Let a(i) = -3*i**3 + 5*i**2 + 29*i + 3. Suppose -b + 3*b = -8. Let h(d) = b*a(d) + 11*s(d). Calculate h(-4).
-9
Let d be (-1)/(-2)*(0 + -2). Let f be 2 - (-3)/(-1 + -2). Let c(m) = -2*m - 1. Let k(p) = -p. Let l(g) = f*c(g) - 5*k(g). Give l(d).
-4
Suppose 0 = -2*b - 2*y - y + 10, 0 = -3*b + y + 15. Suppose -b*n + 11 = -19. Let p(q) = q - 12. Let l(k) = -k + 13. Let r(s) = -5*l(s) - 6*p(s). Give r(n).
1
Let a(x) = -6*x - 9. Let w(p) = 11*p + 18. Let g(m) = 7*a(m) + 4*w(m). What is g(-7)?
-5
Let t(n) = -n**3 - n**2 + 2*n + 1. Let c(a) = a**2 - 8*a + 2. Let q be c(8). Determine t(q).
-7
Suppose -2*q = -2*u - 2*u - 74, 0 = -2*q + 5*u + 76. Let x be 6/(-33) + 204/q. Let j(n) = n - 1. What is j(x)?
5
Let h(u) = u**2 - 1. Let p(i) = 5 - i**3 - i**2 - 8*i**2 + 0*i - 3*i. Let c(t) = 4*h(t) + p(t). What is c(-4)?
-3
Let d(j) be the third derivative of -j**4/8 + 2*j**3/3 + 4*j**2. Determine d(3).
-5
Let g(j) be the first derivative of j**2 + 2*j - 1. Calculate g(-4).
-6
Let l(h) = 7*h + 10*h - 5 - 18*h. Determine l(-6).
1
Let c(o) = -2*o**3 - o**2. Let x be -1 - -5 - (6 - 3). Give c(x).
-3
Let l be 70/(-28)*(-8)/10. Let s(k) = 2*k**2 - 2*k + 2. Calculate s(l).
6
Let a(r) = r**3 - 5*r**2 - 7*r + 5. Let v(c) = -2*c. Let d be v(-3). Calculate a(d).
-1
Suppose -3 - 2 = -5*a. Let t be 4/(-6) - (-60)/9. Let q(u) = u - 2*u + 0*u + 0*u + t*u**2. Calculate q(a).
5
Let q = 3 - -1. Suppose w - 2 = p - q*p, -4*p - 2*w = 0. Let y(v) = -2*v - 1 + 5*v - p*v. Give y(-5).
-6
Let s be 10/(-8)*(-20)/(-5). Let p = s + 9. Let a(v) = v + 1. Let i be a(p). Let f(j) = -j**3 + 5*j**2 + 4. Calculate f(i).
4
Let o(s) = -7*s**3 + s - 1. Suppose -10 = -2*b + 4*b, 3*g + 27 = -3*b. Let r be ((-6)/(-3))/(g/(-2)). What is o(r)?
-7
Let d(o) = -3*o + o**3 - 3*o**2 - 2*o**2 + 4*o - 1. Let h(k) = k**3 + 5*k**2 + 3. Let i be h(-5). Suppose 3*c = 2*c + 4*b - i, 4*c - 30 = -5*b. Calculate d(c).
4
Suppose -19*r + 8*r + 6*r = 0. Let z(w) = -7 + 3 - 6 + w**2 + w**3. Calculate z(r).
-10
Let w be 6/15 + 6/10. Let b(h) = -4 + 1 + 2 + 2*h. Give b(w).
1
Let p(z) = -z**2 - z - 11. Let k be 3*(4 + -2 + -1). Let y be (-8)/6 - 40/(-30). Suppose y = -4*a + k*a. Give p(a).
-11
Let k be (0 - (3 - 9)) + 3. Suppose -k = -n - 2*n. Let u(z) = n*z**2 - 2*z + 4 - z**2 - z**2. Determine u(3).
7
Let c(h) = -h**2 - 6. Let i(w) = w**2 + 5. Let j(o) = -4*c(o) - 5*i(o). Let r = -70 + 69. What is j(r)?
-2
Suppose -z = 5*h + 1, h - 2*z = 3*z + 5. Let d be -4*(1 + (-3 - h)). Suppose -3*r + d = -1. Let t(w) = w**3 - 4*w**2 + 3*w + 2. Calculate t(r).
2
Let h(z) = -z + 4. Let q be 84/(-15) + 6 + 23/5. Calculate h(q).
-1
Let m(r) = r**3 + 2*r**2 - r. Let t(u) = u**3 + 12*u**2 + 2*u + 25. Let a be t(-12). Determine m(a).
2
Let p(y) be the third derivative of y**7/5040 + y**6/240 - 2*y**5/15 - 5*y**2. Let u(r) be the third derivative of p(r). Give u(4).
7
Suppose 0 = -0*z + z - 2. Let w(k) = k**3 + 5 + 0*k**2 - 2*k - 3*k**2 - 2*k - z*k. Let n be 2*(-6)/(-4) - -1. Calculate w(n).
-3
Let i(g) = g**2 + 6*g + 1. Suppose -2 - 12 = 3*c - 2*t, -c - 7 = -3*t. Give i(c).
-7
Suppose 2*m + 4*o = 0, 5*o = -2*m + 6*m + 13. Let k be -7*(-2)/m*1. Let t = -4 - k. Let q(b) = -b**3 + 4*b**2 - 3*b + 4. Determine q(t).
4
Let d(h) = -7*h**2 + h + 1. Suppose 0 = -5*p + p. Suppose -4*l = -p*l - 20. Suppose 2*q - l*o + 11 = -16, 0 = -q - 5*o + 24. Calculate d(q).
-7
Let q(s) be the second derivative of -s**2 - 1/6*s**3 - 4*s + 0. What is q(-4)?
2
Let u be 1/(-2) - 2/4. Let y(n) = 4 + 1 - 6 - 61*n + 64*n. What is y(u)?
-4
Let f(o) = -o**3 + 2*o**2 + 4*o + 3. Suppose -y - 6 = 4*n - 24, -3*n + 2 = -5*y. Give f(n).
-13
Let d(m) be the third derivative of m**6/120 - 3*m**5/20 + 5*m**3/6 + 7*m**2 + 4. What is d(9)?
5
Suppose -21 = -v - 2*v. Let c(z) = 5*z**2 + 2 + z**3 + v*z + z**2 + 0. Let p(h) = -h**2 - h - 5. Let f be p(0). Calculate c(f).
-8
Let s = 12 + -3. Suppose -s = 2*d - 3. Let z(k) = 2*k**2 + 4*k - 1. Determine z(d).
5
Let u(q) = -q**3 - 8*q**2 + 10*q + 12. Let n be u(-9). Let v(m) = 5 - n*m + 0*m - 2*m + m**2. What is v(5)?
5
Let j(v) be the second derivative of -v**4/12 - v**2 + 11*v. Determine j(-2).
-6
Suppose 0 = -a + 4*l - 9, -a - 2*l - 3 = -0*l. Let w(s) = -s**2 - 6*s + 4. What is w(a)?
9
Let z(h) = -1 - 1 + 0 + h. Suppose 10 = -3*r + 4. Determine z(r).
-4
Suppose -4*g = 4, 1 + 7 = 2*q + 2*g. Let h(c) = c**3 - 6*c**2 + 4*c - 7. What is h(q)?
-12
Let c(u) be the first derivative of -u**4/4 + 2*u**3 - 2*u**2 + 5*u - 13. Determine c(5).
10
Suppose 23 + 6 = 5*b - 3*u, 4*u = 3*b - 13. Let x(h) = -2 + 2 - b*h + 6 + h**2. Let t = 14 - 9. What is x(t)?
-4
Let t(n) = -2*n - 4. Let l = 8 + -4. Let x(g) be the first derivative of g**4/4 - 5*g**3/3 + 2*g**2 - 6*g - 9. Let b be x(l). Give t(b).
8
Let n(p) = -p**2 + 4*p + 5. Let u be n(4). Suppose 0*b + 22 = -3*m - u*b, 24 = -5*m - 2*b. Let t(s) = s**3 + 4*s**2 + 5. Determine t(m).
5
Suppose -b + 2*b - 5*s = 31, -5*s = 20. Let n(m) = -m**2 + 10*m + 12. Calculate n(b).
1
Let n(r) = r**3 + 5*r**2 - 5*r + 8. Let w be n(-6). Let d(z) = 2 + 3*z - w*z - 4 + 6. Calculate d(-5).
-1
Let h(p) = p**3 - 6*p**2 + p - 3. Let u(z) = -6 - z + 0 - 2 + 3. Let d be u(-4). Let i be d - (3 + 4)*-1. What is h(i)?
3
Let g = -6 + 8. Suppose n = -g*n - 6, 4*n = -2*t - 8. Let m(y) = -y**3 + 7. Calculate m(t).
7
Suppose 0 = -75*i + 69*i. Let q(w) = -w**2 + 1 + 8 - 5 + w**3. Give q(i).
4
Let k(t) = t**3 + 5*t**2 - 7. Let c(m) = m. Let h = 5 - -21. Suppose -h = 5*o - y, 4*y - 19 = 2*o + o. Let g be c(o). Give k(g).
-7
Let m(x) = 2*x - 3*x + 4 + x - x. Give m(-5).
9
Let s(n) = -2*n**2 + 3*n**3 + n + 3*n**2 + n**2. Suppose 0 = 2*t - o + 3, -3*t + 8*t + 4*o = -1. Determine s(t).
-2
Let n = -6 - -8. Let b(j) = -n - 3 + 9*j - 8*j. What is b(5)?
0
Let p be 4/(-22) - (-780)/55. Let m(x) = -5*x - 5*x + p*x + 5*x**2 + 3 + x**3. What is m(-4)?
3
Suppose 10*b + 8 = 28. Let z(k) be the first derivative of -8*k - 1/2*k**b - 2. Give z(-6).
-2
Let a(r) be the second derivative of r**3/6 - 3*r**2/2 + r. Let l(c) = -c - 4. Let f be l(0). Calculate a(f).
-7
Let h(j) = 15 - 13 - 2*j + 0*j. Determine h(7).
-12
Let p(r) = -2 + 4 - 3 - 4*r + 3. What is p(-4)?
18
Let f(v) be the third derivative of -v**5/60 + v**4/6 + 5*v**3/6 - v**2. What is f(5)?
0
Let g(i) be the second derivative of 3/2*i**2 - 5/6*i**3 + 1/20*i**5 - 1/4*i**4 + 6*i + 0. Give g(4).
-1
Let v(n) = -2*n**3 + 4*n**2 - 4*n + 3. Suppose -5*o - 2 = -4*y, 2*o - 13 = -0*o - 3*y. What is v(o)?
-5
Let s(p) = -p**2 - 3*p - 2. Suppose -7*t = -2*t - 20. Suppose 0 = -g - g + t. Let z(q) = -q**2 - 4*q - 1. Let y(j) = g*s(j) - 3*z(j). Calculate y(-4).
-9
Let k be -2 + 1/3*6. Let a(s) be the second derivative of s**3/6 - 7*s**2/2 + s. Calculate a(k).
-7
Suppose -f = 3*x - 5, -4*x + 2*f = f + 5. Suppose 3*v = 5*l - l + 18, -30 = -5*v + 3*l. Let a(u) = -v + u**2 - 4*u**2 + 4*u**2 - u. Calculate a(x).
-6
Let s(p) be the second derivative of -p**4/12 - 3*p**3/2 - p**2 + 7*p - 3. Determine s(-6).
16
Let d(j) = j**3 - j**2 - 5*j + 7. Let v be 1 - 0/(5 + -2). Let c(a) = -a**2 + 1. Let o(w) = v*d(w) - 5*c(w). Give o(-5).
2
Let r be 138/10 - (-9)/45. Suppose 0 = 12*m - r*m 